atest common factor of 60 and o?
6
Let n be (-12)/(6/2)*-4. Suppose 4*f = -22 + 54. Suppose 2*s + 22 = 5*y + 5*s, -2*s + f = 0. Calculate the greatest common factor of n and y.
2
Suppose 0*w = 5*w - 10, -62 = -4*t - w. Suppose -4*s + 2*v - 7 = 3, 14 = -5*s + 4*v. Let q be 17 + s - (1 - 1). What is the greatest common factor of q and t?
15
Let k(w) = 4*w - 8. Let f be k(7). Let b(i) = -32*i**3 + 3*i + 1. Let z be b(-1). Calculate the highest common factor of z and f.
10
Let c = -192 + 372. Calculate the highest common divisor of c and 36.
36
Let j(a) = 2*a - 8. Let l(m) = -m + 4. Let v(u) = 3*j(u) + 5*l(u). Let y be v(0). Let p be (-2)/y - 31/(-2). What is the highest common factor of p and 4?
4
Let q = -13 - -21. Let p(a) = -a**2 + 13*a - 10. Let w be p(q). Let x = 35 + -15. What is the greatest common factor of x and w?
10
Suppose 0 = -2*o + 10 - 4. Suppose 3*n + 7 + 6 = 5*k, 0 = 3*n + o*k - 27. Suppose 6 + 30 = n*l. Calculate the highest common divisor of l and 27.
9
Suppose 7*p - k + 55 = 2*p, -5 = k. Let w = -3 - p. What is the greatest common factor of 81 and w?
9
Suppose 0*s - s = -3. Suppose -4*n + 17 = b, 0 = -2*b + 7*b + 4*n - 149. What is the greatest common divisor of b and s?
3
Suppose -2*u + 17 = -g - 3*u, 2*g + 36 = -3*u. Let n = -7 - g. Let o = -4 + 5. Calculate the greatest common factor of n and o.
1
Let f(k) = -5*k**3 - k**2 + 4*k - 1. Let m be f(-2). Calculate the greatest common factor of 135 and m.
27
Suppose -4*v + 2*i = -22, -v - 4*v + 29 = -i. What is the greatest common divisor of v and 12?
6
Let p(c) = -9*c**2 + 3*c + 2. Let u be p(5). Let y be (-2)/(-7) + u/(-7). Let i = 30 - 15. What is the highest common divisor of i and y?
15
Suppose c - d = 23, -3*c + 5*d + 61 = -c. Let n(k) = -25*k - 3. Let x be n(-3). Calculate the highest common factor of x and c.
18
Let m be 2/5*(-6 - -16). Suppose m*o = 72 - 0. Suppose 0 = 2*j - 4*j + 12. What is the greatest common factor of j and o?
6
Let k(v) = 77*v**2. Suppose 7 - 3 = 4*l. Let n be k(l). What is the greatest common divisor of 11 and n?
11
Let u(v) = v**3 - 4*v**2 - 2. Let a be u(5). Suppose 49 = -5*w + 2*k, -k + 7 = 2*w + a. Let b = w - -37. What is the greatest common factor of 4 and b?
4
Suppose -h + 2 = -2*u + 20, 5 = u. Let j be (6/(-4))/(1/h). Let g be 18/(-8)*10*(-24)/30. Calculate the highest common factor of j and g.
6
Suppose -4*d = -2*d - 28. Let m = -163 + 233. Calculate the greatest common divisor of d and m.
14
Let p = -9 - -13. Let k be 13 + (2 + p)/3. Let g be (-476)/(-6) - (-10)/k. What is the greatest common divisor of g and 8?
8
Suppose 0 = -2*o + 89 + 71. What is the highest common divisor of o and 10?
10
Let y(z) = z**3 + 14*z**2 - 4*z - 32. Let d be y(-14). Calculate the greatest common factor of 32 and d.
8
Suppose 5*y - 10 = 0, -26 = -4*s + 2*y - 3*y. Let l be 161/21 + 2/s. What is the highest common factor of 32 and l?
8
Suppose 0 = 3*u - 7*k + 8*k - 71, 3*k = -u + 37. Let l be (-22)/(-3)*30/4. What is the highest common divisor of l and u?
11
Let w be 28/(-8) + (-9)/(-6). Let q be (-17)/w + 21/14. What is the highest common factor of 90 and q?
10
Let l(m) = -19*m - 25. Let c be l(-5). Calculate the greatest common divisor of 10 and c.
10
Let r = -4 - -6. Suppose 0*g + g - 22 = -4*a, 0 = -r*a - 5*g + 20. Calculate the highest common factor of 15 and a.
5
Let r = 69 + -53. Calculate the greatest common factor of r and 16.
16
Let o be (14/(-8))/((-1)/4). Let r(w) = -w + 9. Let p be r(9). Suppose p = 5*i + 142 - 422. What is the greatest common factor of o and i?
7
Let l be ((-4)/(-5))/(4/50). What is the highest common factor of l and 40?
10
Let o be 3 - (3 - 2)*1. Let q be 4/(-3)*(o - 14). What is the highest common factor of 40 and q?
8
Let p = -31 - -47. What is the highest common factor of 176 and p?
16
Suppose 0 = -2*w - 10. Let v = 8 + w. Suppose 25 + v = n. What is the highest common divisor of 7 and n?
7
Let l(i) = -i + 3. Let g be l(2). What is the greatest common divisor of 4 and g?
1
Suppose -7*a = -4*a. Suppose -m = -4*n + 28, -2*m = -a*m. Calculate the greatest common factor of n and 1.
1
Let o be (-5)/(10/(-32)) - -4. What is the highest common factor of 100 and o?
20
Suppose 2*g + 3*y - 83 = 49, 3*g = -3*y + 192. Suppose s - 5*s + 92 = 0. Let f = s + -11. What is the greatest common factor of g and f?
12
Let w be (-101)/(-9) + (-2)/9. Let i(v) = v**3 - 5*v**2 - 3*v - 7. Let m be i(6). Calculate the highest common divisor of m and w.
11
Let u be 3 - ((-7 - -2) + -2). What is the highest common divisor of 10 and u?
10
Suppose 3*u = -2*m - 3*m + 94, -38 = -u + 5*m. Let p be 2/(-11) + 1458/u. Calculate the greatest common divisor of 4 and p.
4
Let b = -9 - -14. Suppose b*x - 240 = 2*x. What is the greatest common factor of 20 and x?
20
Let s = -5 - -8. Suppose 3*i = 5*f - 63, 0 = -3*f - 0*f - s*i + 33. Suppose z - f = -z. Calculate the highest common factor of z and 4.
2
Suppose -25 = -5*p - 5, 2*u - 6 = 2*p. Suppose 3*w - 15 = 0, -4*s + 5 = s - w. Suppose 15 = s*n - 41. What is the greatest common divisor of n and u?
7
Let p(a) = -4*a - 18. Let l be p(-10). What is the greatest common divisor of 55 and l?
11
Suppose 0 = t + 3*t - 12. Let d = 0 - 0. Suppose -x - t*x + 96 = d. What is the highest common factor of x and 60?
12
Let s(h) = h**2 - 3*h - 3. Let q be s(4). Suppose r = q - 2. Let f be 2 + 3/r + 5. What is the highest common divisor of 4 and f?
4
Let f = 10 + 3. Let u be 1/2 - f/(-2). Suppose 0 = -5*p - 3*m - 4, -3*m - 2 = -3*p + 10. Calculate the highest common divisor of p and u.
1
Let n(w) = w + 4. Let k be n(-4). Let t = k - -3. Suppose 24 = -t*m + 114. Calculate the greatest common divisor of m and 6.
6
Let h = 9 + 1. Suppose -s = -0*s - h. Calculate the greatest common divisor of 15 and s.
5
Let d = 23 - 3. Suppose -5*t - d = r + 4*r, -3*r - 19 = 4*t. Let u = t - -8. Calculate the highest common factor of 8 and u.
1
Let t be ((-4)/(-8))/(5/70). Let n = 38 - 10. What is the greatest common factor of n and t?
7
Let p = 4 + 16. Calculate the greatest common factor of p and 4.
4
Let f = -82 - -87. Calculate the greatest common divisor of 45 and f.
5
Let o(y) = 20*y + 1. Let p be o(4). Suppose 3*j - 6 = 21. Calculate the greatest common factor of j and p.
9
Let q(j) = -2*j - 6. Let a be q(-8). Suppose -30 = -4*t + a. Calculate the highest common divisor of 2 and t.
2
Let h = -72 + 81. What is the greatest common divisor of 153 and h?
9
Let b = -1 + 4. Suppose c - 9 = -3*u - 0, -b*u - 3*c = -15. Suppose -5*k = -4*o + 23, -2*o - 4*k - 10 = -o. Calculate the highest common factor of o and u.
2
Suppose -3*q = -3*p - 9, -2 + 5 = q + 4*p. Suppose -u + q*u - 36 = 4*a, 0 = a + 2. Calculate the highest common divisor of u and 70.
14
Let r = -4 - -8. Let g be -24*((-10)/r + 2). Let j(t) = 2*t**2 - 7*t + 4. Let w be j(4). Calculate the greatest common factor of g and w.
4
Suppose x + i - 11 + 0 = 0, x = 2*i + 14. Let o = x - -5. Calculate the highest common factor of o and 68.
17
Let o be (-3)/9 + (-64)/(-3). Let t = o - -1. What is the greatest common divisor of 11 and t?
11
Suppose 0*n = -3*n + 420. What is the greatest common factor of 56 and n?
28
Let c(n) = n**3 - n**2 - n + 1. Suppose v + 1 = 2*v. Let j be c(v). Suppose -3*k = j, 3*u - 15 = -3*k + 21. What is the greatest common divisor of 4 and u?
4
Suppose 7 = 5*f - z - 101, 5*z = 5*f - 120. Suppose -5*m = l + 13, -23 = -7*l + 2*l - 3*m. Let y = f - l. What is the greatest common factor of y and 28?
14
Let a(k) = 7*k**2 + 2. Suppose 4*x + 11 = 3. Let q be a(x). Suppose -6*o = -3*o - q. Calculate the greatest common factor of 30 and o.
10
Suppose -50 = -7*d + 2*d. Calculate the greatest common factor of d and 40.
10
Suppose -34 = 3*n + 2*c, -n + 6 = 5*c - 0*c. Let g = 8 - n. Calculate the highest common factor of g and 33.
11
Suppose -2*s - 2*s = -4. Let h(o) = o**2 + o. Let q be h(s). Suppose -3*n - q*w = -195, 5*n + w + 0*w = 318. Calculate the highest common factor of n and 9.
9
Let c(r) = r**2 + r - 1. Let s be c(2). What is the greatest common factor of s and 20?
5
Let n be (-1)/(-5) + (-1259)/(-5). What is the highest common divisor of 28 and n?
28
Suppose 5*q = -0*q. Suppose 5*f - f - 8 = q. Suppose 2*v - 34 = -k, -2*k - 28 = -f*v - 0*k. Calculate the highest common divis